6037
List the prime factors of 35919051.
3, 7, 1710431
What are the prime factors of 3521837?
11, 127, 2521
What are the prime factors of 275928?
2, 3, 11497
List the prime factors of 3153687.
3, 17, 61837
What are the prime factors of 8933183?
7, 1276169
List the prime factors of 2495233.
13, 367, 523
List the prime factors of 64343.
37, 47
What are the prime factors of 12258998?
2, 311, 19709
List the prime factors of 1845786.
2, 3, 307631
What are the prime factors of 8472522?
2, 3, 1412087
What are the prime factors of 5261120?
2, 5, 41, 401
What are the prime factors of 6625627?
37, 331, 541
List the prime factors of 4578075.
3, 5, 20347
What are the prime factors of 7398561?
3, 2466187
List the prime factors of 377562.
2, 3, 62927
List the prime factors of 208354.
2, 19, 5483
What are the prime factors of 2848453?
2848453
List the prime factors of 6639722.
2, 3319861
List the prime factors of 5642052.
2, 3, 13, 59, 613
List the prime factors of 206044.
2, 51511
List the prime factors of 195725.
5, 7829
List the prime factors of 310368.
2, 3, 53, 61
List the prime factors of 3593705.
5, 718741
List the prime factors of 6019631.
641, 9391
What are the prime factors of 763614?
2, 3, 79, 179
What are the prime factors of 79866?
2, 3, 17, 29
What are the prime factors of 7722081?
3, 113, 2531
List the prime factors of 1259140.
2, 5, 157, 401
List the prime factors of 460030.
2, 5, 179, 257
List the prime factors of 99243.
3, 11027
List the prime factors of 124076.
2, 31019
List the prime factors of 17234119.
7, 37, 66541
List the prime factors of 5059533.
3, 1686511
What are the prime factors of 3750979?
3750979
What are the prime factors of 939109?
939109
List the prime factors of 2739230.
2, 5, 13, 19, 1109
What are the prime factors of 36098?
2, 18049
List the prime factors of 16640712.
2, 3, 11, 21011
List the prime factors of 2672219.
11, 277, 877
What are the prime factors of 408001?
11, 29, 1279
List the prime factors of 1235913.
3, 7, 229, 257
What are the prime factors of 4112231?
4112231
List the prime factors of 1022681.
11, 239, 389
List the prime factors of 133722.
2, 3, 17, 19, 23
What are the prime factors of 2013664?
2, 62927
What are the prime factors of 9184417?
11, 834947
List the prime factors of 265418.
2, 132709
List the prime factors of 184322.
2, 23, 4007
What are the prime factors of 19555086?
2, 3, 3259181
List the prime factors of 59263.
59263
What are the prime factors of 204658?
2, 102329
List the prime factors of 909333.
3, 33679
List the prime factors of 381858.
2, 3, 31, 2053
List the prime factors of 18266346.
2, 3, 7, 29, 4999
What are the prime factors of 348079?
89, 3911
List the prime factors of 542219.
542219
List the prime factors of 1334422.
2, 667211
What are the prime factors of 869940?
2, 3, 5, 179
List the prime factors of 8666580.
2, 3, 5, 13, 41, 271
List the prime factors of 27503490.
2, 3, 5, 7, 130969
List the prime factors of 256729.
11, 23339
What are the prime factors of 333399?
3, 11, 10103
What are the prime factors of 670006?
2, 521, 643
What are the prime factors of 770835?
3, 5, 13, 59, 67
What are the prime factors of 984981?
3, 328327
What are the prime factors of 221333?
7, 4517
What are the prime factors of 510675?
3, 5, 11, 619
List the prime factors of 1666025.
5, 103, 647
What are the prime factors of 10742514?
2, 3, 1790419
What are the prime factors of 1736143?
29, 131, 457
What are the prime factors of 341735?
5, 41, 1667
What are the prime factors of 702334?
2, 37, 9491
List the prime factors of 15896664.
2, 3, 7, 31541
What are the prime factors of 673421?
7, 17, 5659
What are the prime factors of 246558?
2, 3, 13, 29, 109
List the prime factors of 124696.
2, 11, 13, 109
List the prime factors of 33869.
11, 3079
List the prime factors of 49326.
2, 3, 8221
What are the prime factors of 809368?
2, 7, 97, 149
What are the prime factors of 5213615?
5, 11, 94793
What are the prime factors of 1463772?
2, 3, 223, 547
List the prime factors of 398246.
2, 173, 1151
List the prime factors of 528832.
2, 8263
List the prime factors of 493953.
3, 229, 719
List the prime factors of 52977.
3, 17659
What are the prime factors of 6949945?
5, 1389989
What are the prime factors of 10786703?
10786703
List the prime factors of 957777.
3, 319259
List the prime factors of 20192192.
2, 17, 67, 277
What are the prime factors of 981197?
7, 140171
What are the prime factors of 3893792?
2, 7, 17383
List the prime factors of 371387.
371387
What are the prime factors of 6268330?
2, 5, 626833
List the prime factors of 1972453.
7, 43, 6553
List the prime factors of 7284612.
2, 3, 59, 10289
What are the prime factors of 709114?
2, 7, 50651
What are the prime factors of 11601447?
3, 11, 13, 27043
List the prime factors of 570057.
3, 19, 73, 137
What are the prime factors of 4466240?
2, 5, 17, 821
List the prime factors of 163186.
2, 139, 587
List the prime factors of 550560.
2, 3, 5, 31, 37
What are the prime factors of 44758?
2, 7, 23, 139
What are the prime factors of 1906888?
2, 238361
List the prime factors of 63039.
3, 21013
What are the prime factors of 10598098?
2, 7, 467, 1621
List the prime factors of 240894.
2, 3, 1487
What are the prime factors of 25973120?
2, 5, 40583
What are the prime factors of 14174897?
11, 241, 5347
What are the prime factors of 1410147?
3, 156683
List the prime factors of 1678094.
2, 11, 83, 919
List the prime factors of 642712.
2, 7, 23, 499
List the prime factors of 216758.
2, 108379
List the prime factors of 2136231.
3, 97, 2447
List the prime factors of 1219847.
1219847
List the prime factors of 1708291.
13, 331, 397
What are the prime factors of 6798425?
5, 193, 1409
List the prime factors of 6473138.
2, 7, 67, 103
List the prime factors of 2264975.
5, 90599
List the prime factors of 2906564.
2, 726641
What are the prime factors of 1197522?
2, 3, 66529
What are the prime factors of 2145395?
5, 7, 61297
What are the prime factors of 1380408?
2, 3, 113, 509
List the prime factors of 110137.
241, 457
What are the prime factors of 9599252?
2, 13, 367, 503
What are the prime factors of 4584350?
2, 5, 277, 331
What are the prime factors of 34225800?
2, 3, 5, 7, 29, 281
List the prime factors of 924654.
2, 3, 19, 8111
List the prime factors of 17612768.
2, 277, 1987
What are the prime factors of 276961?
276961
What are the prime factors of 540987?
3, 19, 9491
List the prime factors of 6264946.
2, 19, 113, 1459
List the prime factors of 76749.
3, 25583
What are the prime factors of 174256?
2, 10891
List the prime factors of 630034.
2, 199, 1583
List the prime factors of 817783.
817783
List the prime factors of 10472654.
2, 29, 180563
What are the prime factors of 973310?
2, 5, 13, 7487
List the prime factors of 247557.
3, 179, 461
List the prime factors of 226825.
5, 43, 211
What are the prime factors of 416870?
2, 5, 41687
What are the prime factors of 631824?
2, 3, 13163
List the prime factors of 1051201.
137, 7673
List the prime factors of 1164110.
2, 5, 116411
What are the prime factors of 1158456?
2, 3, 13, 47, 79
What are the prime factors of 60493?
60493
List the prime factors of 1878554.
2, 283, 3319
What are the prime factors of 989176?
2, 61, 2027
List the prime factors of 138039.
3, 11, 47, 89
What are the prime factors of 86376?
2, 3, 59, 61
List the prime factors of 7044039.
3, 782671
What are the prime factors of 10082161?
31, 325231
What are the prime factors of 4629495?
3, 5, 13, 23741
What are the prime factors of 16392957?
3, 7, 61, 67, 191
List the prime factors of 113873.
23, 4951
What are the prime factors of 28471?
71, 401
List the prime factors of 86585.
5, 17317
List the prime factors of 11904385.
5, 2380877
What are the prime factors of 8926?
2, 4463
What are the prime factors of 278474?
2, 7, 19891
What are the prime factors of 219788?
2, 23, 2389
What are the prime factors of 1322325?
3, 5, 653
What are the prime factors of 3187656?
2, 3, 44273
List the prime factors of 10367071.
11, 13, 72497
What are the prime factors of 3177563?
59, 53857
What are the prime factors of 2040762?
2, 3, 340127
List the prime factors of 517028.
2, 19, 6803
What are the prime factors of 1404133?
1404133
What are the prime factors of 96580?
2, 5, 11, 439
List the pr